{"id":1359,"date":"2019-02-25T12:09:23","date_gmt":"2019-02-25T12:09:23","guid":{"rendered":"http:\/\/www.grangeventoux.com\/?page_id=1359"},"modified":"2019-02-25T12:42:24","modified_gmt":"2019-02-25T12:42:24","slug":"dolce-far-niente-2","status":"publish","type":"page","link":"https:\/\/www.grangeventoux.com\/?page_id=1359&lang=fr","title":{"rendered":"Dolce far niente"},"content":{"rendered":"\n<p>La douce oisivet\u00e9, tout comme Dieu habite en France. Ceci dans une r\u00e9gion avec un climat merveilleux, une cuisine fantastique avec des ingr\u00e9dients locaux et une agriculture artisanale. Profitant de la splendeur des couleurs, renforc\u00e9e par la lumi\u00e8re m\u00e9ridionale, les champs de lavande pourpre se d\u00e9tachent du ma\u00efs dor\u00e9 et de l&#8217;\u00e9peautre vert frais. Ces ar\u00f4mes &#8230; o ce qui sent d\u00e9licieux ici! Faites du shopping dans les march\u00e9s proven\u00e7aux, visitez une distillerie ou promenez-vous dans les rues \u00e9troites de villages anciens. Pour ceux qui en ont d\u00e9j\u00e0 marre, vous pouvez \u00e9galement savourer un d\u00e9licieux vin local ou un pastis sur une terrasse. Ceci avec de la musique de cricket en arri\u00e8re-plan. Voici quelques conseils! <\/p>\n\n\n\n<ul class=\"wp-block-list\"><li><a href=\"http:\/\/www.grangeventoux.com\/?page_id=71\">Restaurants<\/a><\/li><li><a href=\"http:\/\/www.grangeventoux.com\/?page_id=73\">Bars<\/a><\/li><li><a href=\"http:\/\/www.grangeventoux.com\/?page_id=75\">Proeven<\/a><\/li><li><a href=\"http:\/\/www.grangeventoux.com\/?page_id=77\">Marktjes<\/a><\/li><li><a href=\"http:\/\/www.grangeventoux.com\/?page_id=92\">Welness<\/a><\/li><li><a href=\"http:\/\/www.grangeventoux.com\/?page_id=89\">Winkels<\/a><\/li><\/ul>\n","protected":false},"excerpt":{"rendered":"<p>La douce oisivet\u00e9, tout comme Dieu habite en France. Ceci dans une r\u00e9gion avec un climat merveilleux, une cuisine fantastique avec des ingr\u00e9dients locaux et une agriculture artisanale. Profitant de la splendeur des couleurs, renforc\u00e9e par la lumi\u00e8re m\u00e9ridionale, les champs de lavande pourpre se d\u00e9tachent du ma\u00efs dor\u00e9 et de l&#8217;\u00e9peautre vert frais. Ces&hellip;<\/p>\n","protected":false},"author":1,"featured_media":0,"parent":0,"menu_order":5,"comment_status":"closed","ping_status":"closed","template":"","meta":{"footnotes":""},"class_list":["post-1359","page","type-page","status-publish","hentry"],"yoast_head":"<!-- This site is optimized with the Yoast SEO plugin v24.9 - https:\/\/yoast.com\/wordpress\/plugins\/seo\/ -->\n<title>Dolce far niente - bienvenue a Grange Ventoux<\/title>\n<meta name=\"robots\" content=\"index, follow, max-snippet:-1, max-image-preview:large, max-video-preview:-1\" \/>\n<link rel=\"canonical\" href=\"https:\/\/www.grangeventoux.com\/?page_id=1359&lang=fr\" \/>\n<meta property=\"og:locale\" content=\"nl_BE\" \/>\n<meta property=\"og:type\" content=\"article\" \/>\n<meta property=\"og:title\" content=\"Dolce far niente - bienvenue a Grange Ventoux\" \/>\n<meta property=\"og:description\" content=\"La douce oisivet\u00e9, tout comme Dieu habite en France. Ceci dans une r\u00e9gion avec un climat merveilleux, une cuisine fantastique avec des ingr\u00e9dients locaux et une agriculture artisanale. Profitant de la splendeur des couleurs, renforc\u00e9e par la lumi\u00e8re m\u00e9ridionale, les champs de lavande pourpre se d\u00e9tachent du ma\u00efs dor\u00e9 et de l&#8217;\u00e9peautre vert frais. Ces&hellip;\" \/>\n<meta property=\"og:url\" content=\"https:\/\/www.grangeventoux.com\/?page_id=1359&amp;lang=fr\" \/>\n<meta property=\"og:site_name\" content=\"bienvenue a Grange Ventoux\" \/>\n<meta property=\"article:publisher\" content=\"https:\/\/www.facebook.com\/grangeventoux\/\" \/>\n<meta property=\"article:modified_time\" content=\"2019-02-25T12:42:24+00:00\" \/>\n<meta name=\"twitter:card\" content=\"summary_large_image\" \/>\n<meta name=\"twitter:label1\" content=\"Geschatte leestijd\" \/>\n\t<meta name=\"twitter:data1\" content=\"1 minuut\" \/>\n<script type=\"application\/ld+json\" class=\"yoast-schema-graph\">{\"@context\":\"https:\/\/schema.org\",\"@graph\":[{\"@type\":\"WebPage\",\"@id\":\"https:\/\/www.grangeventoux.com\/?page_id=1359&lang=fr\",\"url\":\"https:\/\/www.grangeventoux.com\/?page_id=1359&lang=fr\",\"name\":\"Dolce far niente - bienvenue a Grange Ventoux\",\"isPartOf\":{\"@id\":\"https:\/\/www.grangeventoux.com\/#website\"},\"datePublished\":\"2019-02-25T12:09:23+00:00\",\"dateModified\":\"2019-02-25T12:42:24+00:00\",\"breadcrumb\":{\"@id\":\"https:\/\/www.grangeventoux.com\/?page_id=1359&lang=fr#breadcrumb\"},\"inLanguage\":\"nl-BE\",\"potentialAction\":[{\"@type\":\"ReadAction\",\"target\":[\"https:\/\/www.grangeventoux.com\/?page_id=1359&lang=fr\"]}]},{\"@type\":\"BreadcrumbList\",\"@id\":\"https:\/\/www.grangeventoux.com\/?page_id=1359&lang=fr#breadcrumb\",\"itemListElement\":[{\"@type\":\"ListItem\",\"position\":1,\"name\":\"Home\",\"item\":\"https:\/\/www.grangeventoux.com\/\"},{\"@type\":\"ListItem\",\"position\":2,\"name\":\"Dolce far niente\"}]},{\"@type\":\"WebSite\",\"@id\":\"https:\/\/www.grangeventoux.com\/#website\",\"url\":\"https:\/\/www.grangeventoux.com\/\",\"name\":\"bienvenue a Grange Ventoux\",\"description\":\"un petit coin de paradis\",\"potentialAction\":[{\"@type\":\"SearchAction\",\"target\":{\"@type\":\"EntryPoint\",\"urlTemplate\":\"https:\/\/www.grangeventoux.com\/?s={search_term_string}\"},\"query-input\":{\"@type\":\"PropertyValueSpecification\",\"valueRequired\":true,\"valueName\":\"search_term_string\"}}],\"inLanguage\":\"nl-BE\"}]}<\/script>\n<!-- \/ Yoast SEO plugin. -->","yoast_head_json":{"title":"Dolce far niente - bienvenue a Grange Ventoux","robots":{"index":"index","follow":"follow","max-snippet":"max-snippet:-1","max-image-preview":"max-image-preview:large","max-video-preview":"max-video-preview:-1"},"canonical":"https:\/\/www.grangeventoux.com\/?page_id=1359&lang=fr","og_locale":"nl_BE","og_type":"article","og_title":"Dolce far niente - bienvenue a Grange Ventoux","og_description":"La douce oisivet\u00e9, tout comme Dieu habite en France. Ceci dans une r\u00e9gion avec un climat merveilleux, une cuisine fantastique avec des ingr\u00e9dients locaux et une agriculture artisanale. Profitant de la splendeur des couleurs, renforc\u00e9e par la lumi\u00e8re m\u00e9ridionale, les champs de lavande pourpre se d\u00e9tachent du ma\u00efs dor\u00e9 et de l&#8217;\u00e9peautre vert frais. Ces&hellip;","og_url":"https:\/\/www.grangeventoux.com\/?page_id=1359&lang=fr","og_site_name":"bienvenue a Grange Ventoux","article_publisher":"https:\/\/www.facebook.com\/grangeventoux\/","article_modified_time":"2019-02-25T12:42:24+00:00","twitter_card":"summary_large_image","twitter_misc":{"Geschatte leestijd":"1 minuut"},"schema":{"@context":"https:\/\/schema.org","@graph":[{"@type":"WebPage","@id":"https:\/\/www.grangeventoux.com\/?page_id=1359&lang=fr","url":"https:\/\/www.grangeventoux.com\/?page_id=1359&lang=fr","name":"Dolce far niente - bienvenue a Grange Ventoux","isPartOf":{"@id":"https:\/\/www.grangeventoux.com\/#website"},"datePublished":"2019-02-25T12:09:23+00:00","dateModified":"2019-02-25T12:42:24+00:00","breadcrumb":{"@id":"https:\/\/www.grangeventoux.com\/?page_id=1359&lang=fr#breadcrumb"},"inLanguage":"nl-BE","potentialAction":[{"@type":"ReadAction","target":["https:\/\/www.grangeventoux.com\/?page_id=1359&lang=fr"]}]},{"@type":"BreadcrumbList","@id":"https:\/\/www.grangeventoux.com\/?page_id=1359&lang=fr#breadcrumb","itemListElement":[{"@type":"ListItem","position":1,"name":"Home","item":"https:\/\/www.grangeventoux.com\/"},{"@type":"ListItem","position":2,"name":"Dolce far niente"}]},{"@type":"WebSite","@id":"https:\/\/www.grangeventoux.com\/#website","url":"https:\/\/www.grangeventoux.com\/","name":"bienvenue a Grange Ventoux","description":"un petit coin de paradis","potentialAction":[{"@type":"SearchAction","target":{"@type":"EntryPoint","urlTemplate":"https:\/\/www.grangeventoux.com\/?s={search_term_string}"},"query-input":{"@type":"PropertyValueSpecification","valueRequired":true,"valueName":"search_term_string"}}],"inLanguage":"nl-BE"}]}},"jetpack_sharing_enabled":true,"_links":{"self":[{"href":"https:\/\/www.grangeventoux.com\/index.php?rest_route=\/wp\/v2\/pages\/1359","targetHints":{"allow":["GET"]}}],"collection":[{"href":"https:\/\/www.grangeventoux.com\/index.php?rest_route=\/wp\/v2\/pages"}],"about":[{"href":"https:\/\/www.grangeventoux.com\/index.php?rest_route=\/wp\/v2\/types\/page"}],"author":[{"embeddable":true,"href":"https:\/\/www.grangeventoux.com\/index.php?rest_route=\/wp\/v2\/users\/1"}],"replies":[{"embeddable":true,"href":"https:\/\/www.grangeventoux.com\/index.php?rest_route=%2Fwp%2Fv2%2Fcomments&post=1359"}],"version-history":[{"count":3,"href":"https:\/\/www.grangeventoux.com\/index.php?rest_route=\/wp\/v2\/pages\/1359\/revisions"}],"predecessor-version":[{"id":1464,"href":"https:\/\/www.grangeventoux.com\/index.php?rest_route=\/wp\/v2\/pages\/1359\/revisions\/1464"}],"wp:attachment":[{"href":"https:\/\/www.grangeventoux.com\/index.php?rest_route=%2Fwp%2Fv2%2Fmedia&parent=1359"}],"curies":[{"name":"wp","href":"https:\/\/api.w.org\/{rel}","templated":true}]}}