{"id":946,"date":"2019-02-20T11:14:18","date_gmt":"2019-02-20T11:14:18","guid":{"rendered":"http:\/\/www.grangeventoux.com\/?page_id=946"},"modified":"2019-02-25T12:40:04","modified_gmt":"2019-02-25T12:40:04","slug":"mont-ventoux","status":"publish","type":"page","link":"https:\/\/www.grangeventoux.com\/?page_id=946&lang=fr","title":{"rendered":"Mont Ventoux"},"content":{"rendered":"\n<figure class=\"wp-block-embed-youtube wp-block-embed is-type-video is-provider-youtube wp-embed-aspect-16-9 wp-has-aspect-ratio\"><div class=\"wp-block-embed__wrapper\">\n<div class=\"jetpack-video-wrapper\"><iframe loading=\"lazy\" width=\"687\" height=\"386\" src=\"https:\/\/www.youtube.com\/embed\/rakE9ByJGE8?feature=oembed\" frameborder=\"0\" allow=\"accelerometer; autoplay; encrypted-media; gyroscope; picture-in-picture\" allowfullscreen><\/iframe><\/div>\n<\/div><figcaption>Video: made by TheCorsicanDroner<\/figcaption><\/figure>\n\n\n\n<p>Le g\u00e9ant de Provence est bien reconnaissable de loin par sa partie sup\u00e9rieure, reouverte de calcaire et \u00e0 1912 m\u00e8tres d&#8217;altitude. Cette montagne blanche, class\u00e9e r\u00e9serve de biosph\u00e8re par l&#8217;UNESCO, se caract\u00e9rise par une grande diversit\u00e9 \u00e0 la fois en termes de climat et de v\u00e9g\u00e9tation. <\/p>\n\n\n\n<p>Dans la vall\u00e9e du Rh\u00f4ne, vous apercevez les vignes et les arbres fruitiers. Le printemps s\u2019annonce quand les cerisiers sont en fleurs! . Au pied de la montagne, vous verrez une v\u00e9g\u00e9tation m\u00e9diterran\u00e9enne typique tout dans une f\u00f4r\u00eat de ch\u00eanes qui est connue pour ses truffes. Entre les 1000 et 1500 m\u00e8tres d\u2019altitude, vous verrez une immense pin\u00e8de qui reste bien vert pour sa situation m\u00e9ridionale. <\/p>\n\n\n\n<p>Juste apr\u00e8s le Chalet Reynard commence le typique paysage lunaire avec seulement de rares plantes arctiques jusqu\u2019au sommet. Le climat y est extr\u00eame, le Mistral, les orages, mais aussi la chaleur en \u00e9t\u00e9 surprennent chaque ann\u00e9e de nombreux touristes. <\/p>\n\n\n\n<p>L&#8217;arriv\u00e9e au sommet du Ventoux est magique! D&#8217;une part pour l\u2019aspect paysage avec vue sur la face nord raide avec des gorges profondes et des grottes mais surtout le panorama qui est tellement beau! Vous n\u2019oublierez plus jamais ce panorama exceptionnel! <\/p>\n\n\n\n<p>Le lever du soleil est ph\u00e9nom\u00e9nal! La lumi\u00e8re se plie sur les sommets blancs de l\u2019Ecrin. La Provence est \u00e0 vos pieds. Par temps clair, vous pouvez m\u00eame voir la c\u00f4te M\u00e9diterrann\u00e9enne. Vous remarquez vraiment que vous \u00eates au premier sommet des Alpes du Sud.<\/p>\n\n\n\n<figure class=\"wp-block-image\"><img loading=\"lazy\" decoding=\"async\" width=\"720\" height=\"479\" src=\"http:\/\/www.grangeventoux.com\/wp-content\/uploads\/2019\/02\/FB_IMG_1502566740104.jpg\" alt=\"\" class=\"wp-image-948\" srcset=\"https:\/\/www.grangeventoux.com\/wp-content\/uploads\/2019\/02\/FB_IMG_1502566740104.jpg 720w, https:\/\/www.grangeventoux.com\/wp-content\/uploads\/2019\/02\/FB_IMG_1502566740104-300x200.jpg 300w, https:\/\/www.grangeventoux.com\/wp-content\/uploads\/2019\/02\/FB_IMG_1502566740104-600x399.jpg 600w\" sizes=\"auto, (max-width: 720px) 100vw, 720px\" \/><\/figure>\n","protected":false},"excerpt":{"rendered":"<p>Video: made by TheCorsicanDroner Le g\u00e9ant de Provence est bien reconnaissable de loin par sa partie sup\u00e9rieure, reouverte de calcaire et \u00e0 1912 m\u00e8tres d&#8217;altitude. Cette montagne blanche, class\u00e9e r\u00e9serve de biosph\u00e8re par l&#8217;UNESCO, se caract\u00e9rise par une grande diversit\u00e9 \u00e0 la fois en termes de climat et de v\u00e9g\u00e9tation. Dans la vall\u00e9e du Rh\u00f4ne,&hellip;<\/p>\n","protected":false},"author":1,"featured_media":0,"parent":997,"menu_order":1,"comment_status":"closed","ping_status":"closed","template":"","meta":{"footnotes":""},"class_list":["post-946","page","type-page","status-publish","hentry"],"yoast_head":"<!-- This site is optimized with the Yoast SEO plugin v24.9 - https:\/\/yoast.com\/wordpress\/plugins\/seo\/ -->\n<title>Mont Ventoux - bienvenue a Grange Ventoux<\/title>\n<meta name=\"robots\" content=\"index, follow, max-snippet:-1, max-image-preview:large, max-video-preview:-1\" \/>\n<link rel=\"canonical\" href=\"https:\/\/www.grangeventoux.com\/?page_id=946&lang=fr\" \/>\n<meta property=\"og:locale\" content=\"nl_BE\" \/>\n<meta property=\"og:type\" content=\"article\" \/>\n<meta property=\"og:title\" content=\"Mont Ventoux - bienvenue a Grange Ventoux\" \/>\n<meta property=\"og:description\" content=\"Video: made by TheCorsicanDroner Le g\u00e9ant de Provence est bien reconnaissable de loin par sa partie sup\u00e9rieure, reouverte de calcaire et \u00e0 1912 m\u00e8tres d&#8217;altitude. Cette montagne blanche, class\u00e9e r\u00e9serve de biosph\u00e8re par l&#8217;UNESCO, se caract\u00e9rise par une grande diversit\u00e9 \u00e0 la fois en termes de climat et de v\u00e9g\u00e9tation. Dans la vall\u00e9e du Rh\u00f4ne,&hellip;\" \/>\n<meta property=\"og:url\" content=\"https:\/\/www.grangeventoux.com\/?page_id=946&amp;lang=fr\" \/>\n<meta property=\"og:site_name\" content=\"bienvenue a Grange Ventoux\" \/>\n<meta property=\"article:publisher\" content=\"https:\/\/www.facebook.com\/grangeventoux\/\" \/>\n<meta property=\"article:modified_time\" content=\"2019-02-25T12:40:04+00:00\" \/>\n<meta property=\"og:image\" content=\"http:\/\/www.grangeventoux.com\/wp-content\/uploads\/2019\/02\/FB_IMG_1502566740104.jpg\" \/>\n<meta name=\"twitter:card\" content=\"summary_large_image\" \/>\n<meta name=\"twitter:label1\" content=\"Geschatte leestijd\" \/>\n\t<meta name=\"twitter:data1\" content=\"1 minuut\" \/>\n<script type=\"application\/ld+json\" class=\"yoast-schema-graph\">{\"@context\":\"https:\/\/schema.org\",\"@graph\":[{\"@type\":\"WebPage\",\"@id\":\"https:\/\/www.grangeventoux.com\/?page_id=946&lang=fr\",\"url\":\"https:\/\/www.grangeventoux.com\/?page_id=946&lang=fr\",\"name\":\"Mont Ventoux - bienvenue a Grange Ventoux\",\"isPartOf\":{\"@id\":\"https:\/\/www.grangeventoux.com\/#website\"},\"primaryImageOfPage\":{\"@id\":\"https:\/\/www.grangeventoux.com\/?page_id=946&lang=fr#primaryimage\"},\"image\":{\"@id\":\"https:\/\/www.grangeventoux.com\/?page_id=946&lang=fr#primaryimage\"},\"thumbnailUrl\":\"http:\/\/www.grangeventoux.com\/wp-content\/uploads\/2019\/02\/FB_IMG_1502566740104.jpg\",\"datePublished\":\"2019-02-20T11:14:18+00:00\",\"dateModified\":\"2019-02-25T12:40:04+00:00\",\"breadcrumb\":{\"@id\":\"https:\/\/www.grangeventoux.com\/?page_id=946&lang=fr#breadcrumb\"},\"inLanguage\":\"nl-BE\",\"potentialAction\":[{\"@type\":\"ReadAction\",\"target\":[\"https:\/\/www.grangeventoux.com\/?page_id=946&lang=fr\"]}]},{\"@type\":\"ImageObject\",\"inLanguage\":\"nl-BE\",\"@id\":\"https:\/\/www.grangeventoux.com\/?page_id=946&lang=fr#primaryimage\",\"url\":\"http:\/\/www.grangeventoux.com\/wp-content\/uploads\/2019\/02\/FB_IMG_1502566740104.jpg\",\"contentUrl\":\"http:\/\/www.grangeventoux.com\/wp-content\/uploads\/2019\/02\/FB_IMG_1502566740104.jpg\"},{\"@type\":\"BreadcrumbList\",\"@id\":\"https:\/\/www.grangeventoux.com\/?page_id=946&lang=fr#breadcrumb\",\"itemListElement\":[{\"@type\":\"ListItem\",\"position\":1,\"name\":\"Home\",\"item\":\"https:\/\/www.grangeventoux.com\/\"},{\"@type\":\"ListItem\",\"position\":2,\"name\":\"Environ\",\"item\":\"https:\/\/www.grangeventoux.com\/?page_id=997&lang=fr\"},{\"@type\":\"ListItem\",\"position\":3,\"name\":\"Mont Ventoux\"}]},{\"@type\":\"WebSite\",\"@id\":\"https:\/\/www.grangeventoux.com\/#website\",\"url\":\"https:\/\/www.grangeventoux.com\/\",\"name\":\"bienvenue a Grange Ventoux\",\"description\":\"un petit coin de paradis\",\"potentialAction\":[{\"@type\":\"SearchAction\",\"target\":{\"@type\":\"EntryPoint\",\"urlTemplate\":\"https:\/\/www.grangeventoux.com\/?s={search_term_string}\"},\"query-input\":{\"@type\":\"PropertyValueSpecification\",\"valueRequired\":true,\"valueName\":\"search_term_string\"}}],\"inLanguage\":\"nl-BE\"}]}<\/script>\n<!-- \/ Yoast SEO plugin. -->","yoast_head_json":{"title":"Mont Ventoux - bienvenue a Grange Ventoux","robots":{"index":"index","follow":"follow","max-snippet":"max-snippet:-1","max-image-preview":"max-image-preview:large","max-video-preview":"max-video-preview:-1"},"canonical":"https:\/\/www.grangeventoux.com\/?page_id=946&lang=fr","og_locale":"nl_BE","og_type":"article","og_title":"Mont Ventoux - bienvenue a Grange Ventoux","og_description":"Video: made by TheCorsicanDroner Le g\u00e9ant de Provence est bien reconnaissable de loin par sa partie sup\u00e9rieure, reouverte de calcaire et \u00e0 1912 m\u00e8tres d&#8217;altitude. Cette montagne blanche, class\u00e9e r\u00e9serve de biosph\u00e8re par l&#8217;UNESCO, se caract\u00e9rise par une grande diversit\u00e9 \u00e0 la fois en termes de climat et de v\u00e9g\u00e9tation. Dans la vall\u00e9e du Rh\u00f4ne,&hellip;","og_url":"https:\/\/www.grangeventoux.com\/?page_id=946&lang=fr","og_site_name":"bienvenue a Grange Ventoux","article_publisher":"https:\/\/www.facebook.com\/grangeventoux\/","article_modified_time":"2019-02-25T12:40:04+00:00","og_image":[{"url":"http:\/\/www.grangeventoux.com\/wp-content\/uploads\/2019\/02\/FB_IMG_1502566740104.jpg","type":"","width":"","height":""}],"twitter_card":"summary_large_image","twitter_misc":{"Geschatte leestijd":"1 minuut"},"schema":{"@context":"https:\/\/schema.org","@graph":[{"@type":"WebPage","@id":"https:\/\/www.grangeventoux.com\/?page_id=946&lang=fr","url":"https:\/\/www.grangeventoux.com\/?page_id=946&lang=fr","name":"Mont Ventoux - bienvenue a Grange Ventoux","isPartOf":{"@id":"https:\/\/www.grangeventoux.com\/#website"},"primaryImageOfPage":{"@id":"https:\/\/www.grangeventoux.com\/?page_id=946&lang=fr#primaryimage"},"image":{"@id":"https:\/\/www.grangeventoux.com\/?page_id=946&lang=fr#primaryimage"},"thumbnailUrl":"http:\/\/www.grangeventoux.com\/wp-content\/uploads\/2019\/02\/FB_IMG_1502566740104.jpg","datePublished":"2019-02-20T11:14:18+00:00","dateModified":"2019-02-25T12:40:04+00:00","breadcrumb":{"@id":"https:\/\/www.grangeventoux.com\/?page_id=946&lang=fr#breadcrumb"},"inLanguage":"nl-BE","potentialAction":[{"@type":"ReadAction","target":["https:\/\/www.grangeventoux.com\/?page_id=946&lang=fr"]}]},{"@type":"ImageObject","inLanguage":"nl-BE","@id":"https:\/\/www.grangeventoux.com\/?page_id=946&lang=fr#primaryimage","url":"http:\/\/www.grangeventoux.com\/wp-content\/uploads\/2019\/02\/FB_IMG_1502566740104.jpg","contentUrl":"http:\/\/www.grangeventoux.com\/wp-content\/uploads\/2019\/02\/FB_IMG_1502566740104.jpg"},{"@type":"BreadcrumbList","@id":"https:\/\/www.grangeventoux.com\/?page_id=946&lang=fr#breadcrumb","itemListElement":[{"@type":"ListItem","position":1,"name":"Home","item":"https:\/\/www.grangeventoux.com\/"},{"@type":"ListItem","position":2,"name":"Environ","item":"https:\/\/www.grangeventoux.com\/?page_id=997&lang=fr"},{"@type":"ListItem","position":3,"name":"Mont Ventoux"}]},{"@type":"WebSite","@id":"https:\/\/www.grangeventoux.com\/#website","url":"https:\/\/www.grangeventoux.com\/","name":"bienvenue a Grange Ventoux","description":"un petit coin de paradis","potentialAction":[{"@type":"SearchAction","target":{"@type":"EntryPoint","urlTemplate":"https:\/\/www.grangeventoux.com\/?s={search_term_string}"},"query-input":{"@type":"PropertyValueSpecification","valueRequired":true,"valueName":"search_term_string"}}],"inLanguage":"nl-BE"}]}},"jetpack_sharing_enabled":true,"_links":{"self":[{"href":"https:\/\/www.grangeventoux.com\/index.php?rest_route=\/wp\/v2\/pages\/946","targetHints":{"allow":["GET"]}}],"collection":[{"href":"https:\/\/www.grangeventoux.com\/index.php?rest_route=\/wp\/v2\/pages"}],"about":[{"href":"https:\/\/www.grangeventoux.com\/index.php?rest_route=\/wp\/v2\/types\/page"}],"author":[{"embeddable":true,"href":"https:\/\/www.grangeventoux.com\/index.php?rest_route=\/wp\/v2\/users\/1"}],"replies":[{"embeddable":true,"href":"https:\/\/www.grangeventoux.com\/index.php?rest_route=%2Fwp%2Fv2%2Fcomments&post=946"}],"version-history":[{"count":2,"href":"https:\/\/www.grangeventoux.com\/index.php?rest_route=\/wp\/v2\/pages\/946\/revisions"}],"predecessor-version":[{"id":1456,"href":"https:\/\/www.grangeventoux.com\/index.php?rest_route=\/wp\/v2\/pages\/946\/revisions\/1456"}],"up":[{"embeddable":true,"href":"https:\/\/www.grangeventoux.com\/index.php?rest_route=\/wp\/v2\/pages\/997"}],"wp:attachment":[{"href":"https:\/\/www.grangeventoux.com\/index.php?rest_route=%2Fwp%2Fv2%2Fmedia&parent=946"}],"curies":[{"name":"wp","href":"https:\/\/api.w.org\/{rel}","templated":true}]}}