{"id":950,"date":"2019-02-20T22:54:30","date_gmt":"2019-02-20T22:54:30","guid":{"rendered":"http:\/\/www.grangeventoux.com\/?page_id=950"},"modified":"2019-02-20T23:51:32","modified_gmt":"2019-02-20T23:51:32","slug":"gorges-de-la-nesque","status":"publish","type":"page","link":"https:\/\/www.grangeventoux.com\/?page_id=950&lang=fr","title":{"rendered":"Gorges de la Nesque"},"content":{"rendered":"\n<figure class=\"wp-block-embed-youtube wp-block-embed is-type-video is-provider-youtube wp-embed-aspect-16-9 wp-has-aspect-ratio\"><div class=\"wp-block-embed__wrapper\">\n<div class=\"jetpack-video-wrapper\"><iframe loading=\"lazy\" width=\"687\" height=\"386\" src=\"https:\/\/www.youtube.com\/embed\/W4PCu8-A3V4?feature=oembed\" frameborder=\"0\" allow=\"accelerometer; autoplay; encrypted-media; gyroscope; picture-in-picture\" allowfullscreen><\/iframe><\/div>\n<\/div><figcaption> <br>Video: made by TheCorsicanDroner <\/figcaption><\/figure>\n\n\n\n<p>Cette belle gorge de rivi\u00e8re commence quelques kilom\u00e8tres de Grange Ventoux Monieux. Vous pouvez l&#8217;explorer \u00e0 pied \u00e0 partir du Plan d&#8217;eau de Monieux ou \u00e0 v\u00e9lo\/VTT par le D942 direction Villes-Sur-Auzon. <\/p>\n\n\n\n<p>La descente commence \u00e0 partir du point de vue en face de la Rocher du Cire. Le po\u00e8te Mistral a \u00e9crit un po\u00e8me sur la Nesque, cette paroi rocheuse impressionnante, qui se trouve d\u00e9j\u00e0 \u00e0 300 m\u00e8tres plus bas.<\/p>\n\n\n\n<figure class=\"wp-block-image\"><a href=\"http:\/\/www.grangeventoux.com\/wp-content\/uploads\/2019\/02\/20181012_095656.jpg\" target=\"_blank\" rel=\"noreferrer noopener\"><img loading=\"lazy\" decoding=\"async\" width=\"1024\" height=\"576\" src=\"http:\/\/www.grangeventoux.com\/wp-content\/uploads\/2019\/02\/20181012_095656-1024x576.jpg\" alt=\"\" class=\"wp-image-951\" srcset=\"https:\/\/www.grangeventoux.com\/wp-content\/uploads\/2019\/02\/20181012_095656-1024x576.jpg 1024w, https:\/\/www.grangeventoux.com\/wp-content\/uploads\/2019\/02\/20181012_095656-300x169.jpg 300w, https:\/\/www.grangeventoux.com\/wp-content\/uploads\/2019\/02\/20181012_095656-768x432.jpg 768w, https:\/\/www.grangeventoux.com\/wp-content\/uploads\/2019\/02\/20181012_095656-800x450.jpg 800w, https:\/\/www.grangeventoux.com\/wp-content\/uploads\/2019\/02\/20181012_095656-600x338.jpg 600w\" sizes=\"auto, (max-width: 1024px) 100vw, 1024px\" \/><\/a><\/figure>\n\n\n\n<p>C\u2019est ici qu\u2019on apercevoit souvent des aigles, des vautours ou des buses. Mais aussi les sangliers du voisinage connaissent trop bien cet endroit. Les Gorges de la Nesque s\u2019appellent \u201cla petite Verdon\u201d mais elles sont beaucoup moins fr\u00e9quent\u00e9es. <\/p>\n\n\n\n<p>Vous passez devant des falaises et des ravins en passant de nombreux tunnels sculpt\u00e9s \u00e0 la main. La circulation des camions n&#8217;y est pas autoris\u00e9e. <\/p>\n\n\n\n<p>Par un passerelle assez raide vous pouvez descendre \u00e0 la chapelle Saint Michel; un lieu mystique. La lumi\u00e8re est tr\u00e8s particuli\u00e8re. La chapelle est situ\u00e9e sous un rocher et elle date du XIIe si\u00e8cle. Vous y trouverez un autel magnifique et de belles fresques originales. L\u2019endroit \u00e9tait d\u00e9j\u00e0 connu par les chasseurs qui sont venus ici il y a 150 000 ans. Beaucoup d\u2019ustensiles de l\u2019\u00e9poque pr\u00e9historique sont trouv\u00e9es ici. Un peu plus loin, la marche en aval est vraiment aventureuse. <\/p>\n\n\n\n<p>Et soudain l&#8217;eau dispara\u00eet sous la terre et s\u2019\u00e9chappe vers un village plus loin: Fontaine de Vaucluse o\u00f9 elle remonte, avec d&#8217;autres rivi\u00e8res dans une des grandes sources de l&#8217;Europe.<\/p>\n","protected":false},"excerpt":{"rendered":"<p>Video: made by TheCorsicanDroner Cette belle gorge de rivi\u00e8re commence quelques kilom\u00e8tres de Grange Ventoux Monieux. Vous pouvez l&#8217;explorer \u00e0 pied \u00e0 partir du Plan d&#8217;eau de Monieux ou \u00e0 v\u00e9lo\/VTT par le D942 direction Villes-Sur-Auzon. La descente commence \u00e0 partir du point de vue en face de la Rocher du Cire. Le po\u00e8te Mistral&hellip;<\/p>\n","protected":false},"author":1,"featured_media":0,"parent":997,"menu_order":2,"comment_status":"closed","ping_status":"closed","template":"","meta":{"footnotes":""},"class_list":["post-950","page","type-page","status-publish","hentry"],"yoast_head":"<!-- This site is optimized with the Yoast SEO plugin v24.9 - https:\/\/yoast.com\/wordpress\/plugins\/seo\/ -->\n<title>Gorges de la Nesque - bienvenue a Grange Ventoux<\/title>\n<meta name=\"robots\" content=\"index, follow, max-snippet:-1, max-image-preview:large, max-video-preview:-1\" \/>\n<link rel=\"canonical\" href=\"https:\/\/www.grangeventoux.com\/?page_id=950&lang=fr\" \/>\n<meta property=\"og:locale\" content=\"nl_BE\" \/>\n<meta property=\"og:type\" content=\"article\" \/>\n<meta property=\"og:title\" content=\"Gorges de la Nesque - bienvenue a Grange Ventoux\" \/>\n<meta property=\"og:description\" content=\"Video: made by TheCorsicanDroner Cette belle gorge de rivi\u00e8re commence quelques kilom\u00e8tres de Grange Ventoux Monieux. Vous pouvez l&#8217;explorer \u00e0 pied \u00e0 partir du Plan d&#8217;eau de Monieux ou \u00e0 v\u00e9lo\/VTT par le D942 direction Villes-Sur-Auzon. La descente commence \u00e0 partir du point de vue en face de la Rocher du Cire. Le po\u00e8te Mistral&hellip;\" \/>\n<meta property=\"og:url\" content=\"https:\/\/www.grangeventoux.com\/?page_id=950&amp;lang=fr\" \/>\n<meta property=\"og:site_name\" content=\"bienvenue a Grange Ventoux\" \/>\n<meta property=\"article:publisher\" content=\"https:\/\/www.facebook.com\/grangeventoux\/\" \/>\n<meta property=\"article:modified_time\" content=\"2019-02-20T23:51:32+00:00\" \/>\n<meta property=\"og:image\" content=\"http:\/\/www.grangeventoux.com\/wp-content\/uploads\/2019\/02\/20181012_095656-1024x576.jpg\" \/>\n<meta name=\"twitter:card\" content=\"summary_large_image\" \/>\n<meta name=\"twitter:label1\" content=\"Geschatte leestijd\" \/>\n\t<meta name=\"twitter:data1\" content=\"1 minuut\" \/>\n<script type=\"application\/ld+json\" class=\"yoast-schema-graph\">{\"@context\":\"https:\/\/schema.org\",\"@graph\":[{\"@type\":\"WebPage\",\"@id\":\"https:\/\/www.grangeventoux.com\/?page_id=950&lang=fr\",\"url\":\"https:\/\/www.grangeventoux.com\/?page_id=950&lang=fr\",\"name\":\"Gorges de la Nesque - bienvenue a Grange Ventoux\",\"isPartOf\":{\"@id\":\"https:\/\/www.grangeventoux.com\/#website\"},\"primaryImageOfPage\":{\"@id\":\"https:\/\/www.grangeventoux.com\/?page_id=950&lang=fr#primaryimage\"},\"image\":{\"@id\":\"https:\/\/www.grangeventoux.com\/?page_id=950&lang=fr#primaryimage\"},\"thumbnailUrl\":\"http:\/\/www.grangeventoux.com\/wp-content\/uploads\/2019\/02\/20181012_095656-1024x576.jpg\",\"datePublished\":\"2019-02-20T22:54:30+00:00\",\"dateModified\":\"2019-02-20T23:51:32+00:00\",\"breadcrumb\":{\"@id\":\"https:\/\/www.grangeventoux.com\/?page_id=950&lang=fr#breadcrumb\"},\"inLanguage\":\"nl-BE\",\"potentialAction\":[{\"@type\":\"ReadAction\",\"target\":[\"https:\/\/www.grangeventoux.com\/?page_id=950&lang=fr\"]}]},{\"@type\":\"ImageObject\",\"inLanguage\":\"nl-BE\",\"@id\":\"https:\/\/www.grangeventoux.com\/?page_id=950&lang=fr#primaryimage\",\"url\":\"http:\/\/www.grangeventoux.com\/wp-content\/uploads\/2019\/02\/20181012_095656-1024x576.jpg\",\"contentUrl\":\"http:\/\/www.grangeventoux.com\/wp-content\/uploads\/2019\/02\/20181012_095656-1024x576.jpg\"},{\"@type\":\"BreadcrumbList\",\"@id\":\"https:\/\/www.grangeventoux.com\/?page_id=950&lang=fr#breadcrumb\",\"itemListElement\":[{\"@type\":\"ListItem\",\"position\":1,\"name\":\"Home\",\"item\":\"https:\/\/www.grangeventoux.com\/\"},{\"@type\":\"ListItem\",\"position\":2,\"name\":\"Environ\",\"item\":\"https:\/\/www.grangeventoux.com\/?page_id=997&lang=fr\"},{\"@type\":\"ListItem\",\"position\":3,\"name\":\"Gorges de la Nesque\"}]},{\"@type\":\"WebSite\",\"@id\":\"https:\/\/www.grangeventoux.com\/#website\",\"url\":\"https:\/\/www.grangeventoux.com\/\",\"name\":\"bienvenue a Grange Ventoux\",\"description\":\"un petit coin de paradis\",\"potentialAction\":[{\"@type\":\"SearchAction\",\"target\":{\"@type\":\"EntryPoint\",\"urlTemplate\":\"https:\/\/www.grangeventoux.com\/?s={search_term_string}\"},\"query-input\":{\"@type\":\"PropertyValueSpecification\",\"valueRequired\":true,\"valueName\":\"search_term_string\"}}],\"inLanguage\":\"nl-BE\"}]}<\/script>\n<!-- \/ Yoast SEO plugin. -->","yoast_head_json":{"title":"Gorges de la Nesque - bienvenue a Grange Ventoux","robots":{"index":"index","follow":"follow","max-snippet":"max-snippet:-1","max-image-preview":"max-image-preview:large","max-video-preview":"max-video-preview:-1"},"canonical":"https:\/\/www.grangeventoux.com\/?page_id=950&lang=fr","og_locale":"nl_BE","og_type":"article","og_title":"Gorges de la Nesque - bienvenue a Grange Ventoux","og_description":"Video: made by TheCorsicanDroner Cette belle gorge de rivi\u00e8re commence quelques kilom\u00e8tres de Grange Ventoux Monieux. Vous pouvez l&#8217;explorer \u00e0 pied \u00e0 partir du Plan d&#8217;eau de Monieux ou \u00e0 v\u00e9lo\/VTT par le D942 direction Villes-Sur-Auzon. La descente commence \u00e0 partir du point de vue en face de la Rocher du Cire. Le po\u00e8te Mistral&hellip;","og_url":"https:\/\/www.grangeventoux.com\/?page_id=950&lang=fr","og_site_name":"bienvenue a Grange Ventoux","article_publisher":"https:\/\/www.facebook.com\/grangeventoux\/","article_modified_time":"2019-02-20T23:51:32+00:00","og_image":[{"url":"http:\/\/www.grangeventoux.com\/wp-content\/uploads\/2019\/02\/20181012_095656-1024x576.jpg","type":"","width":"","height":""}],"twitter_card":"summary_large_image","twitter_misc":{"Geschatte leestijd":"1 minuut"},"schema":{"@context":"https:\/\/schema.org","@graph":[{"@type":"WebPage","@id":"https:\/\/www.grangeventoux.com\/?page_id=950&lang=fr","url":"https:\/\/www.grangeventoux.com\/?page_id=950&lang=fr","name":"Gorges de la Nesque - bienvenue a Grange Ventoux","isPartOf":{"@id":"https:\/\/www.grangeventoux.com\/#website"},"primaryImageOfPage":{"@id":"https:\/\/www.grangeventoux.com\/?page_id=950&lang=fr#primaryimage"},"image":{"@id":"https:\/\/www.grangeventoux.com\/?page_id=950&lang=fr#primaryimage"},"thumbnailUrl":"http:\/\/www.grangeventoux.com\/wp-content\/uploads\/2019\/02\/20181012_095656-1024x576.jpg","datePublished":"2019-02-20T22:54:30+00:00","dateModified":"2019-02-20T23:51:32+00:00","breadcrumb":{"@id":"https:\/\/www.grangeventoux.com\/?page_id=950&lang=fr#breadcrumb"},"inLanguage":"nl-BE","potentialAction":[{"@type":"ReadAction","target":["https:\/\/www.grangeventoux.com\/?page_id=950&lang=fr"]}]},{"@type":"ImageObject","inLanguage":"nl-BE","@id":"https:\/\/www.grangeventoux.com\/?page_id=950&lang=fr#primaryimage","url":"http:\/\/www.grangeventoux.com\/wp-content\/uploads\/2019\/02\/20181012_095656-1024x576.jpg","contentUrl":"http:\/\/www.grangeventoux.com\/wp-content\/uploads\/2019\/02\/20181012_095656-1024x576.jpg"},{"@type":"BreadcrumbList","@id":"https:\/\/www.grangeventoux.com\/?page_id=950&lang=fr#breadcrumb","itemListElement":[{"@type":"ListItem","position":1,"name":"Home","item":"https:\/\/www.grangeventoux.com\/"},{"@type":"ListItem","position":2,"name":"Environ","item":"https:\/\/www.grangeventoux.com\/?page_id=997&lang=fr"},{"@type":"ListItem","position":3,"name":"Gorges de la Nesque"}]},{"@type":"WebSite","@id":"https:\/\/www.grangeventoux.com\/#website","url":"https:\/\/www.grangeventoux.com\/","name":"bienvenue a Grange Ventoux","description":"un petit coin de paradis","potentialAction":[{"@type":"SearchAction","target":{"@type":"EntryPoint","urlTemplate":"https:\/\/www.grangeventoux.com\/?s={search_term_string}"},"query-input":{"@type":"PropertyValueSpecification","valueRequired":true,"valueName":"search_term_string"}}],"inLanguage":"nl-BE"}]}},"jetpack_sharing_enabled":true,"_links":{"self":[{"href":"https:\/\/www.grangeventoux.com\/index.php?rest_route=\/wp\/v2\/pages\/950","targetHints":{"allow":["GET"]}}],"collection":[{"href":"https:\/\/www.grangeventoux.com\/index.php?rest_route=\/wp\/v2\/pages"}],"about":[{"href":"https:\/\/www.grangeventoux.com\/index.php?rest_route=\/wp\/v2\/types\/page"}],"author":[{"embeddable":true,"href":"https:\/\/www.grangeventoux.com\/index.php?rest_route=\/wp\/v2\/users\/1"}],"replies":[{"embeddable":true,"href":"https:\/\/www.grangeventoux.com\/index.php?rest_route=%2Fwp%2Fv2%2Fcomments&post=950"}],"version-history":[{"count":2,"href":"https:\/\/www.grangeventoux.com\/index.php?rest_route=\/wp\/v2\/pages\/950\/revisions"}],"predecessor-version":[{"id":954,"href":"https:\/\/www.grangeventoux.com\/index.php?rest_route=\/wp\/v2\/pages\/950\/revisions\/954"}],"up":[{"embeddable":true,"href":"https:\/\/www.grangeventoux.com\/index.php?rest_route=\/wp\/v2\/pages\/997"}],"wp:attachment":[{"href":"https:\/\/www.grangeventoux.com\/index.php?rest_route=%2Fwp%2Fv2%2Fmedia&parent=950"}],"curies":[{"name":"wp","href":"https:\/\/api.w.org\/{rel}","templated":true}]}}

<figure class="wp-block-embed-youtube wp-block-embed is-type-video is-provider-youtube wp-embed-aspect-16-9 wp-has-aspect-ratio"><div class="wp-block-embed__wrapper">
<div class="jetpack-video-wrapper"><iframe loading="lazy" width="687" height="386" src="https://www.youtube.com/embed/W4PCu8-A3V4?feature=oembed" frameborder="0" allow="accelerometer; autoplay; encrypted-media; gyroscope; picture-in-picture" allowfullscreen></iframe></div>
</div><figcaption> <br>Video: made by TheCorsicanDroner </figcaption></figure>



<p>Cette belle gorge de rivière commence quelques kilomètres de Grange Ventoux Monieux. Vous pouvez l&#8217;explorer à pied à partir du Plan d&#8217;eau de Monieux ou à vélo/VTT par le D942 direction Villes-Sur-Auzon. </p>



<p>La descente commence à partir du point de vue en face de la Rocher du Cire. Le poète Mistral a écrit un poème sur la Nesque, cette paroi rocheuse impressionnante, qui se trouve déjà à 300 mètres plus bas.</p>



<figure class="wp-block-image"><a href="http://www.grangeventoux.com/wp-content/uploads/2019/02/20181012_095656.jpg" target="_blank" rel="noreferrer noopener"><img loading="lazy" decoding="async" width="1024" height="576" src="http://www.grangeventoux.com/wp-content/uploads/2019/02/20181012_095656-1024x576.jpg" alt="" class="wp-image-951" srcset="https://www.grangeventoux.com/wp-content/uploads/2019/02/20181012_095656-1024x576.jpg 1024w, https://www.grangeventoux.com/wp-content/uploads/2019/02/20181012_095656-300x169.jpg 300w, https://www.grangeventoux.com/wp-content/uploads/2019/02/20181012_095656-768x432.jpg 768w, https://www.grangeventoux.com/wp-content/uploads/2019/02/20181012_095656-800x450.jpg 800w, https://www.grangeventoux.com/wp-content/uploads/2019/02/20181012_095656-600x338.jpg 600w" sizes="auto, (max-width: 1024px) 100vw, 1024px" /></a></figure>



<p>C’est ici qu’on apercevoit souvent des aigles, des vautours ou des buses. Mais aussi les sangliers du voisinage connaissent trop bien cet endroit. Les Gorges de la Nesque s’appellent “la petite Verdon” mais elles sont beaucoup moins fréquentées. </p>



<p>Vous passez devant des falaises et des ravins en passant de nombreux tunnels sculptés à la main. La circulation des camions n&#8217;y est pas autorisée. </p>



<p>Par un passerelle assez raide vous pouvez descendre à la chapelle Saint Michel; un lieu mystique. La lumière est très particulière. La chapelle est située sous un rocher et elle date du XIIe siècle. Vous y trouverez un autel magnifique et de belles fresques originales. L’endroit était déjà connu par les chasseurs qui sont venus ici il y a 150 000 ans. Beaucoup d’ustensiles de l’époque préhistorique sont trouvées ici. Un peu plus loin, la marche en aval est vraiment aventureuse. </p>



<p>Et soudain l&#8217;eau disparaît sous la terre et s’échappe vers un village plus loin: Fontaine de Vaucluse où elle remonte, avec d&#8217;autres rivières dans une des grandes sources de l&#8217;Europe.</p>

<p>Video: made by TheCorsicanDroner Cette belle gorge de rivière commence quelques kilomètres de Grange Ventoux Monieux. Vous pouvez l&#8217;explorer à pied à partir du Plan d&#8217;eau de Monieux ou à vélo/VTT par le D942 direction Villes-Sur-Auzon. La descente commence à partir du point de vue en face de la Rocher du Cire. Le poète Mistral&hellip;</p>

<!-- This site is optimized with the Yoast SEO plugin v24.9 - https://yoast.com/wordpress/plugins/seo/ -->
<title>Gorges de la Nesque - bienvenue a Grange Ventoux</title>
<meta name="robots" content="index, follow, max-snippet:-1, max-image-preview:large, max-video-preview:-1" />
<link rel="canonical" href="https://www.grangeventoux.com/?page_id=950&lang=fr" />
<meta property="og:locale" content="nl_BE" />
<meta property="og:type" content="article" />
<meta property="og:title" content="Gorges de la Nesque - bienvenue a Grange Ventoux" />
<meta property="og:description" content="Video: made by TheCorsicanDroner Cette belle gorge de rivière commence quelques kilomètres de Grange Ventoux Monieux. Vous pouvez l&#8217;explorer à pied à partir du Plan d&#8217;eau de Monieux ou à vélo/VTT par le D942 direction Villes-Sur-Auzon. La descente commence à partir du point de vue en face de la Rocher du Cire. Le poète Mistral&hellip;" />
<meta property="og:url" content="https://www.grangeventoux.com/?page_id=950&amp;lang=fr" />
<meta property="og:site_name" content="bienvenue a Grange Ventoux" />
<meta property="article:publisher" content="https://www.facebook.com/grangeventoux/" />
<meta property="article:modified_time" content="2019-02-20T23:51:32+00:00" />
<meta property="og:image" content="http://www.grangeventoux.com/wp-content/uploads/2019/02/20181012_095656-1024x576.jpg" />
<meta name="twitter:card" content="summary_large_image" />
<meta name="twitter:label1" content="Geschatte leestijd" />
	<meta name="twitter:data1" content="1 minuut" />
<script type="application/ld+json" class="yoast-schema-graph">{"@context":"https://schema.org","@graph":[{"@type":"WebPage","@id":"https://www.grangeventoux.com/?page_id=950&lang=fr","url":"https://www.grangeventoux.com/?page_id=950&lang=fr","name":"Gorges de la Nesque - bienvenue a Grange Ventoux","isPartOf":{"@id":"https://www.grangeventoux.com/#website"},"primaryImageOfPage":{"@id":"https://www.grangeventoux.com/?page_id=950&lang=fr#primaryimage"},"image":{"@id":"https://www.grangeventoux.com/?page_id=950&lang=fr#primaryimage"},"thumbnailUrl":"http://www.grangeventoux.com/wp-content/uploads/2019/02/20181012_095656-1024x576.jpg","datePublished":"2019-02-20T22:54:30+00:00","dateModified":"2019-02-20T23:51:32+00:00","breadcrumb":{"@id":"https://www.grangeventoux.com/?page_id=950&lang=fr#breadcrumb"},"inLanguage":"nl-BE","potentialAction":[{"@type":"ReadAction","target":["https://www.grangeventoux.com/?page_id=950&lang=fr"]}]},{"@type":"ImageObject","inLanguage":"nl-BE","@id":"https://www.grangeventoux.com/?page_id=950&lang=fr#primaryimage","url":"http://www.grangeventoux.com/wp-content/uploads/2019/02/20181012_095656-1024x576.jpg","contentUrl":"http://www.grangeventoux.com/wp-content/uploads/2019/02/20181012_095656-1024x576.jpg"},{"@type":"BreadcrumbList","@id":"https://www.grangeventoux.com/?page_id=950&lang=fr#breadcrumb","itemListElement":[{"@type":"ListItem","position":1,"name":"Home","item":"https://www.grangeventoux.com/"},{"@type":"ListItem","position":2,"name":"Environ","item":"https://www.grangeventoux.com/?page_id=997&lang=fr"},{"@type":"ListItem","position":3,"name":"Gorges de la Nesque"}]},{"@type":"WebSite","@id":"https://www.grangeventoux.com/#website","url":"https://www.grangeventoux.com/","name":"bienvenue a Grange Ventoux","description":"un petit coin de paradis","potentialAction":[{"@type":"SearchAction","target":{"@type":"EntryPoint","urlTemplate":"https://www.grangeventoux.com/?s={search_term_string}"},"query-input":{"@type":"PropertyValueSpecification","valueRequired":true,"valueName":"search_term_string"}}],"inLanguage":"nl-BE"}]}</script>
<!-- / Yoast SEO plugin. -->

Video: made by TheCorsicanDroner Cette belle gorge de rivière commence quelques kilomètres de Grange Ventoux Monieux. Vous pouvez l&#8217;explorer à pied à partir du Plan d&#8217;eau de Monieux ou à vélo/VTT par le D942 direction Villes-Sur-Auzon. La descente commence à partir du point de vue en face de la Rocher du Cire. Le poète Mistral&hellip;
