{"id":955,"date":"2019-02-20T23:00:54","date_gmt":"2019-02-20T23:00:54","guid":{"rendered":"http:\/\/www.grangeventoux.com\/?page_id=955"},"modified":"2019-02-25T12:40:48","modified_gmt":"2019-02-25T12:40:48","slug":"plateau-dalbion","status":"publish","type":"page","link":"https:\/\/www.grangeventoux.com\/?page_id=955&lang=fr","title":{"rendered":"Plateau d\u2019Albion"},"content":{"rendered":"\n<figure class=\"wp-block-image\"><a href=\"http:\/\/www.grangeventoux.com\/wp-content\/uploads\/2019\/02\/20180705_171336.jpg\" target=\"_blank\" rel=\"noreferrer noopener\"><img loading=\"lazy\" decoding=\"async\" width=\"1024\" height=\"517\" src=\"http:\/\/www.grangeventoux.com\/wp-content\/uploads\/2019\/02\/20180705_171336-1024x517.jpg\" alt=\"\" class=\"wp-image-956\" srcset=\"https:\/\/www.grangeventoux.com\/wp-content\/uploads\/2019\/02\/20180705_171336-1024x517.jpg 1024w, https:\/\/www.grangeventoux.com\/wp-content\/uploads\/2019\/02\/20180705_171336-300x152.jpg 300w, https:\/\/www.grangeventoux.com\/wp-content\/uploads\/2019\/02\/20180705_171336-768x388.jpg 768w, https:\/\/www.grangeventoux.com\/wp-content\/uploads\/2019\/02\/20180705_171336-800x404.jpg 800w, https:\/\/www.grangeventoux.com\/wp-content\/uploads\/2019\/02\/20180705_171336-600x303.jpg 600w\" sizes=\"auto, (max-width: 1024px) 100vw, 1024px\" \/><\/a><\/figure>\n\n\n\n<p>Grange Ventoux Monieux se situe \u00e0 la fin du plateau d&#8217;Alboin. Ce plateau est situ\u00e9 entre le Mont Ventoux, le Montagne de Lure et Le Luberon. Il y a beaucoup de fermes biologiques. Mais l\u2019 environnement est surtout connu pour la lavende, les champs de bl\u00e9 et d\u2019\u00e9peautre. En \u00e9t\u00e9, ceux-ci forment une grande palette de couleur et le plateau se transforme en un v\u00e9ritable patchwork. L\u2019air y est tellement pur et elle sent merveilleusement la lavande, le thym et le romarin. Les villages sont authentiques et pittoresques. Des fois il nous semble que le temps passe plus lentement er reste parfois m\u00eame immobile pendant que les grillons continuent \u00e0 donner leur m\u00e9lodie typiquement proven\u00e7al.<\/p>\n\n\n\n<figure class=\"wp-block-image\"><a href=\"http:\/\/www.grangeventoux.com\/wp-content\/uploads\/2019\/02\/DSC_0931.jpg\" target=\"_blank\" rel=\"noreferrer noopener\"><img loading=\"lazy\" decoding=\"async\" width=\"1024\" height=\"557\" src=\"http:\/\/www.grangeventoux.com\/wp-content\/uploads\/2019\/02\/DSC_0931-1024x557.jpg\" alt=\"\" class=\"wp-image-957\" srcset=\"https:\/\/www.grangeventoux.com\/wp-content\/uploads\/2019\/02\/DSC_0931-1024x557.jpg 1024w, https:\/\/www.grangeventoux.com\/wp-content\/uploads\/2019\/02\/DSC_0931-300x163.jpg 300w, https:\/\/www.grangeventoux.com\/wp-content\/uploads\/2019\/02\/DSC_0931-768x418.jpg 768w, https:\/\/www.grangeventoux.com\/wp-content\/uploads\/2019\/02\/DSC_0931-800x435.jpg 800w, https:\/\/www.grangeventoux.com\/wp-content\/uploads\/2019\/02\/DSC_0931-600x327.jpg 600w\" sizes=\"auto, (max-width: 1024px) 100vw, 1024px\" \/><\/a><\/figure>\n\n\n\n<p>Vous pouvez savourer de nombreux produits r\u00e9gionaux,que vous trouverez \u00e9galement sur les march\u00e9s locales dans le quartier. Dans les bois, vous pouvez cueillir au printemps comme en automne de d\u00e9licieux champignons. Mais attention! Seulement pour les connaisseurs!<\/p>\n\n\n\n<figure class=\"wp-block-image\"><a href=\"http:\/\/www.grangeventoux.com\/wp-content\/uploads\/2019\/02\/IMG_6467-1024x765.jpg\" target=\"_blank\" rel=\"noreferrer noopener\"><img loading=\"lazy\" decoding=\"async\" width=\"1024\" height=\"765\" src=\"http:\/\/www.grangeventoux.com\/wp-content\/uploads\/2019\/02\/IMG_6467-1024x765-1024x765.jpg\" alt=\"\" class=\"wp-image-958\" srcset=\"https:\/\/www.grangeventoux.com\/wp-content\/uploads\/2019\/02\/IMG_6467-1024x765.jpg 1024w, https:\/\/www.grangeventoux.com\/wp-content\/uploads\/2019\/02\/IMG_6467-1024x765-300x224.jpg 300w, https:\/\/www.grangeventoux.com\/wp-content\/uploads\/2019\/02\/IMG_6467-1024x765-768x574.jpg 768w, https:\/\/www.grangeventoux.com\/wp-content\/uploads\/2019\/02\/IMG_6467-1024x765-800x598.jpg 800w, https:\/\/www.grangeventoux.com\/wp-content\/uploads\/2019\/02\/IMG_6467-1024x765-600x448.jpg 600w\" sizes=\"auto, (max-width: 1024px) 100vw, 1024px\" \/><\/a><\/figure>\n","protected":false},"excerpt":{"rendered":"<p>Grange Ventoux Monieux se situe \u00e0 la fin du plateau d&#8217;Alboin. Ce plateau est situ\u00e9 entre le Mont Ventoux, le Montagne de Lure et Le Luberon. Il y a beaucoup de fermes biologiques. Mais l\u2019 environnement est surtout connu pour la lavende, les champs de bl\u00e9 et d\u2019\u00e9peautre. En \u00e9t\u00e9, ceux-ci forment une grande palette&hellip;<\/p>\n","protected":false},"author":1,"featured_media":0,"parent":997,"menu_order":3,"comment_status":"closed","ping_status":"closed","template":"","meta":{"footnotes":""},"class_list":["post-955","page","type-page","status-publish","hentry"],"yoast_head":"<!-- This site is optimized with the Yoast SEO plugin v24.9 - https:\/\/yoast.com\/wordpress\/plugins\/seo\/ -->\n<title>Plateau d\u2019Albion - bienvenue a Grange Ventoux<\/title>\n<meta name=\"robots\" content=\"index, follow, max-snippet:-1, max-image-preview:large, max-video-preview:-1\" \/>\n<link rel=\"canonical\" href=\"https:\/\/www.grangeventoux.com\/?page_id=955&lang=fr\" \/>\n<meta property=\"og:locale\" content=\"nl_BE\" \/>\n<meta property=\"og:type\" content=\"article\" \/>\n<meta property=\"og:title\" content=\"Plateau d\u2019Albion - bienvenue a Grange Ventoux\" \/>\n<meta property=\"og:description\" content=\"Grange Ventoux Monieux se situe \u00e0 la fin du plateau d&#8217;Alboin. Ce plateau est situ\u00e9 entre le Mont Ventoux, le Montagne de Lure et Le Luberon. Il y a beaucoup de fermes biologiques. Mais l\u2019 environnement est surtout connu pour la lavende, les champs de bl\u00e9 et d\u2019\u00e9peautre. En \u00e9t\u00e9, ceux-ci forment une grande palette&hellip;\" \/>\n<meta property=\"og:url\" content=\"https:\/\/www.grangeventoux.com\/?page_id=955&amp;lang=fr\" \/>\n<meta property=\"og:site_name\" content=\"bienvenue a Grange Ventoux\" \/>\n<meta property=\"article:publisher\" content=\"https:\/\/www.facebook.com\/grangeventoux\/\" \/>\n<meta property=\"article:modified_time\" content=\"2019-02-25T12:40:48+00:00\" \/>\n<meta property=\"og:image\" content=\"http:\/\/www.grangeventoux.com\/wp-content\/uploads\/2019\/02\/20180705_171336-1024x517.jpg\" \/>\n<meta name=\"twitter:card\" content=\"summary_large_image\" \/>\n<meta name=\"twitter:label1\" content=\"Geschatte leestijd\" \/>\n\t<meta name=\"twitter:data1\" content=\"1 minuut\" \/>\n<script type=\"application\/ld+json\" class=\"yoast-schema-graph\">{\"@context\":\"https:\/\/schema.org\",\"@graph\":[{\"@type\":\"WebPage\",\"@id\":\"https:\/\/www.grangeventoux.com\/?page_id=955&lang=fr\",\"url\":\"https:\/\/www.grangeventoux.com\/?page_id=955&lang=fr\",\"name\":\"Plateau d\u2019Albion - bienvenue a Grange Ventoux\",\"isPartOf\":{\"@id\":\"https:\/\/www.grangeventoux.com\/#website\"},\"primaryImageOfPage\":{\"@id\":\"https:\/\/www.grangeventoux.com\/?page_id=955&lang=fr#primaryimage\"},\"image\":{\"@id\":\"https:\/\/www.grangeventoux.com\/?page_id=955&lang=fr#primaryimage\"},\"thumbnailUrl\":\"http:\/\/www.grangeventoux.com\/wp-content\/uploads\/2019\/02\/20180705_171336-1024x517.jpg\",\"datePublished\":\"2019-02-20T23:00:54+00:00\",\"dateModified\":\"2019-02-25T12:40:48+00:00\",\"breadcrumb\":{\"@id\":\"https:\/\/www.grangeventoux.com\/?page_id=955&lang=fr#breadcrumb\"},\"inLanguage\":\"nl-BE\",\"potentialAction\":[{\"@type\":\"ReadAction\",\"target\":[\"https:\/\/www.grangeventoux.com\/?page_id=955&lang=fr\"]}]},{\"@type\":\"ImageObject\",\"inLanguage\":\"nl-BE\",\"@id\":\"https:\/\/www.grangeventoux.com\/?page_id=955&lang=fr#primaryimage\",\"url\":\"http:\/\/www.grangeventoux.com\/wp-content\/uploads\/2019\/02\/20180705_171336-1024x517.jpg\",\"contentUrl\":\"http:\/\/www.grangeventoux.com\/wp-content\/uploads\/2019\/02\/20180705_171336-1024x517.jpg\"},{\"@type\":\"BreadcrumbList\",\"@id\":\"https:\/\/www.grangeventoux.com\/?page_id=955&lang=fr#breadcrumb\",\"itemListElement\":[{\"@type\":\"ListItem\",\"position\":1,\"name\":\"Home\",\"item\":\"https:\/\/www.grangeventoux.com\/\"},{\"@type\":\"ListItem\",\"position\":2,\"name\":\"Environ\",\"item\":\"https:\/\/www.grangeventoux.com\/?page_id=997&lang=fr\"},{\"@type\":\"ListItem\",\"position\":3,\"name\":\"Plateau d\u2019Albion\"}]},{\"@type\":\"WebSite\",\"@id\":\"https:\/\/www.grangeventoux.com\/#website\",\"url\":\"https:\/\/www.grangeventoux.com\/\",\"name\":\"bienvenue a Grange Ventoux\",\"description\":\"un petit coin de paradis\",\"potentialAction\":[{\"@type\":\"SearchAction\",\"target\":{\"@type\":\"EntryPoint\",\"urlTemplate\":\"https:\/\/www.grangeventoux.com\/?s={search_term_string}\"},\"query-input\":{\"@type\":\"PropertyValueSpecification\",\"valueRequired\":true,\"valueName\":\"search_term_string\"}}],\"inLanguage\":\"nl-BE\"}]}<\/script>\n<!-- \/ Yoast SEO plugin. -->","yoast_head_json":{"title":"Plateau d\u2019Albion - bienvenue a Grange Ventoux","robots":{"index":"index","follow":"follow","max-snippet":"max-snippet:-1","max-image-preview":"max-image-preview:large","max-video-preview":"max-video-preview:-1"},"canonical":"https:\/\/www.grangeventoux.com\/?page_id=955&lang=fr","og_locale":"nl_BE","og_type":"article","og_title":"Plateau d\u2019Albion - bienvenue a Grange Ventoux","og_description":"Grange Ventoux Monieux se situe \u00e0 la fin du plateau d&#8217;Alboin. Ce plateau est situ\u00e9 entre le Mont Ventoux, le Montagne de Lure et Le Luberon. Il y a beaucoup de fermes biologiques. Mais l\u2019 environnement est surtout connu pour la lavende, les champs de bl\u00e9 et d\u2019\u00e9peautre. En \u00e9t\u00e9, ceux-ci forment une grande palette&hellip;","og_url":"https:\/\/www.grangeventoux.com\/?page_id=955&lang=fr","og_site_name":"bienvenue a Grange Ventoux","article_publisher":"https:\/\/www.facebook.com\/grangeventoux\/","article_modified_time":"2019-02-25T12:40:48+00:00","og_image":[{"url":"http:\/\/www.grangeventoux.com\/wp-content\/uploads\/2019\/02\/20180705_171336-1024x517.jpg","type":"","width":"","height":""}],"twitter_card":"summary_large_image","twitter_misc":{"Geschatte leestijd":"1 minuut"},"schema":{"@context":"https:\/\/schema.org","@graph":[{"@type":"WebPage","@id":"https:\/\/www.grangeventoux.com\/?page_id=955&lang=fr","url":"https:\/\/www.grangeventoux.com\/?page_id=955&lang=fr","name":"Plateau d\u2019Albion - bienvenue a Grange Ventoux","isPartOf":{"@id":"https:\/\/www.grangeventoux.com\/#website"},"primaryImageOfPage":{"@id":"https:\/\/www.grangeventoux.com\/?page_id=955&lang=fr#primaryimage"},"image":{"@id":"https:\/\/www.grangeventoux.com\/?page_id=955&lang=fr#primaryimage"},"thumbnailUrl":"http:\/\/www.grangeventoux.com\/wp-content\/uploads\/2019\/02\/20180705_171336-1024x517.jpg","datePublished":"2019-02-20T23:00:54+00:00","dateModified":"2019-02-25T12:40:48+00:00","breadcrumb":{"@id":"https:\/\/www.grangeventoux.com\/?page_id=955&lang=fr#breadcrumb"},"inLanguage":"nl-BE","potentialAction":[{"@type":"ReadAction","target":["https:\/\/www.grangeventoux.com\/?page_id=955&lang=fr"]}]},{"@type":"ImageObject","inLanguage":"nl-BE","@id":"https:\/\/www.grangeventoux.com\/?page_id=955&lang=fr#primaryimage","url":"http:\/\/www.grangeventoux.com\/wp-content\/uploads\/2019\/02\/20180705_171336-1024x517.jpg","contentUrl":"http:\/\/www.grangeventoux.com\/wp-content\/uploads\/2019\/02\/20180705_171336-1024x517.jpg"},{"@type":"BreadcrumbList","@id":"https:\/\/www.grangeventoux.com\/?page_id=955&lang=fr#breadcrumb","itemListElement":[{"@type":"ListItem","position":1,"name":"Home","item":"https:\/\/www.grangeventoux.com\/"},{"@type":"ListItem","position":2,"name":"Environ","item":"https:\/\/www.grangeventoux.com\/?page_id=997&lang=fr"},{"@type":"ListItem","position":3,"name":"Plateau d\u2019Albion"}]},{"@type":"WebSite","@id":"https:\/\/www.grangeventoux.com\/#website","url":"https:\/\/www.grangeventoux.com\/","name":"bienvenue a Grange Ventoux","description":"un petit coin de paradis","potentialAction":[{"@type":"SearchAction","target":{"@type":"EntryPoint","urlTemplate":"https:\/\/www.grangeventoux.com\/?s={search_term_string}"},"query-input":{"@type":"PropertyValueSpecification","valueRequired":true,"valueName":"search_term_string"}}],"inLanguage":"nl-BE"}]}},"jetpack_sharing_enabled":true,"_links":{"self":[{"href":"https:\/\/www.grangeventoux.com\/index.php?rest_route=\/wp\/v2\/pages\/955","targetHints":{"allow":["GET"]}}],"collection":[{"href":"https:\/\/www.grangeventoux.com\/index.php?rest_route=\/wp\/v2\/pages"}],"about":[{"href":"https:\/\/www.grangeventoux.com\/index.php?rest_route=\/wp\/v2\/types\/page"}],"author":[{"embeddable":true,"href":"https:\/\/www.grangeventoux.com\/index.php?rest_route=\/wp\/v2\/users\/1"}],"replies":[{"embeddable":true,"href":"https:\/\/www.grangeventoux.com\/index.php?rest_route=%2Fwp%2Fv2%2Fcomments&post=955"}],"version-history":[{"count":2,"href":"https:\/\/www.grangeventoux.com\/index.php?rest_route=\/wp\/v2\/pages\/955\/revisions"}],"predecessor-version":[{"id":1458,"href":"https:\/\/www.grangeventoux.com\/index.php?rest_route=\/wp\/v2\/pages\/955\/revisions\/1458"}],"up":[{"embeddable":true,"href":"https:\/\/www.grangeventoux.com\/index.php?rest_route=\/wp\/v2\/pages\/997"}],"wp:attachment":[{"href":"https:\/\/www.grangeventoux.com\/index.php?rest_route=%2Fwp%2Fv2%2Fmedia&parent=955"}],"curies":[{"name":"wp","href":"https:\/\/api.w.org\/{rel}","templated":true}]}}

<figure class="wp-block-image"><a href="http://www.grangeventoux.com/wp-content/uploads/2019/02/20180705_171336.jpg" target="_blank" rel="noreferrer noopener"><img loading="lazy" decoding="async" width="1024" height="517" src="http://www.grangeventoux.com/wp-content/uploads/2019/02/20180705_171336-1024x517.jpg" alt="" class="wp-image-956" srcset="https://www.grangeventoux.com/wp-content/uploads/2019/02/20180705_171336-1024x517.jpg 1024w, https://www.grangeventoux.com/wp-content/uploads/2019/02/20180705_171336-300x152.jpg 300w, https://www.grangeventoux.com/wp-content/uploads/2019/02/20180705_171336-768x388.jpg 768w, https://www.grangeventoux.com/wp-content/uploads/2019/02/20180705_171336-800x404.jpg 800w, https://www.grangeventoux.com/wp-content/uploads/2019/02/20180705_171336-600x303.jpg 600w" sizes="auto, (max-width: 1024px) 100vw, 1024px" /></a></figure>



<p>Grange Ventoux Monieux se situe à la fin du plateau d&#8217;Alboin. Ce plateau est situé entre le Mont Ventoux, le Montagne de Lure et Le Luberon. Il y a beaucoup de fermes biologiques. Mais l’ environnement est surtout connu pour la lavende, les champs de blé et d’épeautre. En été, ceux-ci forment une grande palette de couleur et le plateau se transforme en un véritable patchwork. L’air y est tellement pur et elle sent merveilleusement la lavande, le thym et le romarin. Les villages sont authentiques et pittoresques. Des fois il nous semble que le temps passe plus lentement er reste parfois même immobile pendant que les grillons continuent à donner leur mélodie typiquement provençal.</p>



<figure class="wp-block-image"><a href="http://www.grangeventoux.com/wp-content/uploads/2019/02/DSC_0931.jpg" target="_blank" rel="noreferrer noopener"><img loading="lazy" decoding="async" width="1024" height="557" src="http://www.grangeventoux.com/wp-content/uploads/2019/02/DSC_0931-1024x557.jpg" alt="" class="wp-image-957" srcset="https://www.grangeventoux.com/wp-content/uploads/2019/02/DSC_0931-1024x557.jpg 1024w, https://www.grangeventoux.com/wp-content/uploads/2019/02/DSC_0931-300x163.jpg 300w, https://www.grangeventoux.com/wp-content/uploads/2019/02/DSC_0931-768x418.jpg 768w, https://www.grangeventoux.com/wp-content/uploads/2019/02/DSC_0931-800x435.jpg 800w, https://www.grangeventoux.com/wp-content/uploads/2019/02/DSC_0931-600x327.jpg 600w" sizes="auto, (max-width: 1024px) 100vw, 1024px" /></a></figure>



<p>Vous pouvez savourer de nombreux produits régionaux,que vous trouverez également sur les marchés locales dans le quartier. Dans les bois, vous pouvez cueillir au printemps comme en automne de délicieux champignons. Mais attention! Seulement pour les connaisseurs!</p>



<figure class="wp-block-image"><a href="http://www.grangeventoux.com/wp-content/uploads/2019/02/IMG_6467-1024x765.jpg" target="_blank" rel="noreferrer noopener"><img loading="lazy" decoding="async" width="1024" height="765" src="http://www.grangeventoux.com/wp-content/uploads/2019/02/IMG_6467-1024x765-1024x765.jpg" alt="" class="wp-image-958" srcset="https://www.grangeventoux.com/wp-content/uploads/2019/02/IMG_6467-1024x765.jpg 1024w, https://www.grangeventoux.com/wp-content/uploads/2019/02/IMG_6467-1024x765-300x224.jpg 300w, https://www.grangeventoux.com/wp-content/uploads/2019/02/IMG_6467-1024x765-768x574.jpg 768w, https://www.grangeventoux.com/wp-content/uploads/2019/02/IMG_6467-1024x765-800x598.jpg 800w, https://www.grangeventoux.com/wp-content/uploads/2019/02/IMG_6467-1024x765-600x448.jpg 600w" sizes="auto, (max-width: 1024px) 100vw, 1024px" /></a></figure>

<p>Grange Ventoux Monieux se situe à la fin du plateau d&#8217;Alboin. Ce plateau est situé entre le Mont Ventoux, le Montagne de Lure et Le Luberon. Il y a beaucoup de fermes biologiques. Mais l’ environnement est surtout connu pour la lavende, les champs de blé et d’épeautre. En été, ceux-ci forment une grande palette&hellip;</p>

<!-- This site is optimized with the Yoast SEO plugin v24.9 - https://yoast.com/wordpress/plugins/seo/ -->
<title>Plateau d’Albion - bienvenue a Grange Ventoux</title>
<meta name="robots" content="index, follow, max-snippet:-1, max-image-preview:large, max-video-preview:-1" />
<link rel="canonical" href="https://www.grangeventoux.com/?page_id=955&lang=fr" />
<meta property="og:locale" content="nl_BE" />
<meta property="og:type" content="article" />
<meta property="og:title" content="Plateau d’Albion - bienvenue a Grange Ventoux" />
<meta property="og:description" content="Grange Ventoux Monieux se situe à la fin du plateau d&#8217;Alboin. Ce plateau est situé entre le Mont Ventoux, le Montagne de Lure et Le Luberon. Il y a beaucoup de fermes biologiques. Mais l’ environnement est surtout connu pour la lavende, les champs de blé et d’épeautre. En été, ceux-ci forment une grande palette&hellip;" />
<meta property="og:url" content="https://www.grangeventoux.com/?page_id=955&amp;lang=fr" />
<meta property="og:site_name" content="bienvenue a Grange Ventoux" />
<meta property="article:publisher" content="https://www.facebook.com/grangeventoux/" />
<meta property="article:modified_time" content="2019-02-25T12:40:48+00:00" />
<meta property="og:image" content="http://www.grangeventoux.com/wp-content/uploads/2019/02/20180705_171336-1024x517.jpg" />
<meta name="twitter:card" content="summary_large_image" />
<meta name="twitter:label1" content="Geschatte leestijd" />
	<meta name="twitter:data1" content="1 minuut" />
<script type="application/ld+json" class="yoast-schema-graph">{"@context":"https://schema.org","@graph":[{"@type":"WebPage","@id":"https://www.grangeventoux.com/?page_id=955&lang=fr","url":"https://www.grangeventoux.com/?page_id=955&lang=fr","name":"Plateau d’Albion - bienvenue a Grange Ventoux","isPartOf":{"@id":"https://www.grangeventoux.com/#website"},"primaryImageOfPage":{"@id":"https://www.grangeventoux.com/?page_id=955&lang=fr#primaryimage"},"image":{"@id":"https://www.grangeventoux.com/?page_id=955&lang=fr#primaryimage"},"thumbnailUrl":"http://www.grangeventoux.com/wp-content/uploads/2019/02/20180705_171336-1024x517.jpg","datePublished":"2019-02-20T23:00:54+00:00","dateModified":"2019-02-25T12:40:48+00:00","breadcrumb":{"@id":"https://www.grangeventoux.com/?page_id=955&lang=fr#breadcrumb"},"inLanguage":"nl-BE","potentialAction":[{"@type":"ReadAction","target":["https://www.grangeventoux.com/?page_id=955&lang=fr"]}]},{"@type":"ImageObject","inLanguage":"nl-BE","@id":"https://www.grangeventoux.com/?page_id=955&lang=fr#primaryimage","url":"http://www.grangeventoux.com/wp-content/uploads/2019/02/20180705_171336-1024x517.jpg","contentUrl":"http://www.grangeventoux.com/wp-content/uploads/2019/02/20180705_171336-1024x517.jpg"},{"@type":"BreadcrumbList","@id":"https://www.grangeventoux.com/?page_id=955&lang=fr#breadcrumb","itemListElement":[{"@type":"ListItem","position":1,"name":"Home","item":"https://www.grangeventoux.com/"},{"@type":"ListItem","position":2,"name":"Environ","item":"https://www.grangeventoux.com/?page_id=997&lang=fr"},{"@type":"ListItem","position":3,"name":"Plateau d’Albion"}]},{"@type":"WebSite","@id":"https://www.grangeventoux.com/#website","url":"https://www.grangeventoux.com/","name":"bienvenue a Grange Ventoux","description":"un petit coin de paradis","potentialAction":[{"@type":"SearchAction","target":{"@type":"EntryPoint","urlTemplate":"https://www.grangeventoux.com/?s={search_term_string}"},"query-input":{"@type":"PropertyValueSpecification","valueRequired":true,"valueName":"search_term_string"}}],"inLanguage":"nl-BE"}]}</script>
<!-- / Yoast SEO plugin. -->

Grange Ventoux Monieux se situe à la fin du plateau d&#8217;Alboin. Ce plateau est situé entre le Mont Ventoux, le Montagne de Lure et Le Luberon. Il y a beaucoup de fermes biologiques. Mais l’ environnement est surtout connu pour la lavende, les champs de blé et d’épeautre. En été, ceux-ci forment une grande palette&hellip;
